or of 119 and 3808.
119
Calculate the highest common factor of 77 and 121.
11
Calculate the highest common divisor of 12800 and 1400.
200
What is the highest common factor of 44 and 352?
44
What is the highest common divisor of 32 and 48?
16
What is the greatest common factor of 84 and 12?
12
Calculate the greatest common divisor of 1541 and 67.
67
Calculate the greatest common factor of 844 and 4.
4
What is the greatest common factor of 36 and 57?
3
What is the highest common factor of 12 and 25488?
12
Calculate the greatest common factor of 496 and 682.
62
What is the highest common divisor of 711 and 1501?
79
Calculate the highest common divisor of 37 and 35779.
37
What is the greatest common divisor of 30 and 4155?
15
Calculate the highest common divisor of 891 and 36.
9
Calculate the highest common factor of 65 and 949.
13
Calculate the greatest common divisor of 301 and 7.
7
What is the greatest common factor of 825 and 1353?
33
What is the highest common divisor of 15 and 465?
15
Calculate the greatest common divisor of 5963 and 89.
89
Calculate the greatest common divisor of 2743 and 78.
13
What is the highest common divisor of 264 and 4008?
24
Calculate the greatest common factor of 1498 and 7062.
214
Calculate the greatest common factor of 90 and 410.
10
Calculate the greatest common divisor of 572 and 110.
22
Calculate the highest common factor of 68 and 14841.
17
Calculate the highest common divisor of 99 and 882.
9
Calculate the greatest common divisor of 1788 and 768.
12
What is the greatest common divisor of 1876 and 4?
4
What is the greatest common factor of 72 and 18?
18
What is the greatest common factor of 240 and 1160?
40
What is the highest common factor of 276 and 851?
23
Calculate the greatest common divisor of 128 and 352.
32
What is the greatest common divisor of 52 and 416?
52
What is the highest common divisor of 54 and 270?
54
Calculate the greatest common divisor of 15 and 1095.
15
Calculate the greatest common divisor of 128 and 192.
64
Calculate the greatest common factor of 236 and 2006.
118
What is the greatest common divisor of 65 and 10?
5
What is the highest common divisor of 6960 and 240?
240
What is the highest common factor of 1302 and 7?
7
What is the highest common factor of 424 and 16?
8
What is the highest common factor of 611 and 329?
47
What is the highest common divisor of 2537 and 172?
43
Calculate the highest common divisor of 38 and 10.
2
Calculate the greatest common factor of 1218 and 3538.
58
What is the highest common divisor of 69097 and 7?
7
What is the greatest common factor of 39 and 455?
13
Calculate the highest common factor of 5 and 245.
5
Calculate the highest common factor of 6 and 16.
2
What is the highest common divisor of 826 and 84?
14
Calculate the highest common divisor of 754 and 464.
58
Calculate the highest common factor of 2 and 6.
2
Calculate the highest common factor of 276 and 1.
1
Calculate the greatest common divisor of 24000 and 24.
24
Calculate the highest common divisor of 4168 and 40.
8
Calculate the highest common divisor of 85 and 5.
5
What is the greatest common divisor of 6564 and 6?
6
What is the highest common divisor of 15189 and 664?
83
Calculate the highest common factor of 68074 and 202.
202
Calculate the highest common divisor of 126 and 1106.
14
What is the greatest common divisor of 119 and 5117?
119
Calculate the greatest common divisor of 464 and 58.
58
What is the highest common factor of 536 and 1?
1
What is the highest common factor of 150 and 2075?
25
Calculate the greatest common divisor of 110 and 1782.
22
Calculate the greatest common factor of 377 and 65.
13
What is the highest common factor of 253 and 11?
11
Calculate the highest common divisor of 32 and 200.
8
Calculate the greatest common factor of 105 and 15.
15
Calculate the highest common divisor of 24 and 8064.
24
What is the greatest common divisor of 351 and 156?
39
What is the greatest common divisor of 1250 and 2?
2
What is the greatest common factor of 24 and 1664?
8
What is the greatest common divisor of 124 and 1178?
62
Calculate the highest common factor of 9633 and 57.
57
Calculate the highest common factor of 4 and 3192.
4
What is the highest common divisor of 13341 and 3?
3
What is the highest common divisor of 50 and 25?
25
What is the greatest common factor of 5280 and 390?
30
What is the greatest common divisor of 2097 and 6?
3
Calculate the greatest common divisor of 1 and 41.
1
What is the greatest common divisor of 224 and 252?
28
What is the greatest common divisor of 174 and 638?
58
Calculate the highest common divisor of 33 and 17292.
33
What is the highest common factor of 3854 and 656?
82
Calculate the greatest common divisor of 176 and 6809.
11
Calculate the greatest common divisor of 177 and 17818.
59
Calculate the greatest common factor of 424 and 53.
53
Calculate the greatest common factor of 144 and 225.
9
Calculate the highest common divisor of 21 and 273.
21
Calculate the highest common divisor of 2938 and 52.
26
What is the greatest common divisor of 28 and 43092?
28
Calculate the greatest common factor of 17 and 41497.
17
What is the greatest common factor of 591 and 87?
3
Calculate the highest common factor of 10419 and 46.
23
What is the greatest common factor of 280 and 245?
35
Calculate the highest common divisor of 8968 and 152.
152
What is the greatest common factor of 176 and 6512?
176
What is the greatest common factor of 861 and 14?
7
Calculate the greatest common divisor of 220 and 3938.
22
Calculate the greatest common divisor of 2911 and 205.
41
Calculate the highest common divisor of 518 and 112.
14
Calculate the highest common factor of 89 and 1424.
89
Calculate the greatest common factor of 49 and 2.
1
Calculate the highest common divisor of 12 and 2316.
12
Calculate the highest common factor of 126 and 1827.
63
What is the highest common factor of 57414 and 6?
6
Calculate the highest common factor of 99 and 33.
33
Calculate the greatest common factor of 483 and 105.
21
Calculate the highest common divisor of 8 and 1228.
4
What is the highest common divisor of 616 and 3388?
308
Calculate the greatest common divisor of 11 and 11.
11
What is the greatest common divisor of 48 and 12?
12
What is the highest common factor of 1112 and 56?
8
Calculate the greatest common factor of 2365 and 301.
43
Calculate the highest common divisor of 91 and 644.
7
Calculate the greatest common factor of 72 and 448.
8
What is the greatest common divisor of 1701 and 576?
9
What is the highest common divisor of 255 and 663?
51
What is the highest common divisor of 1364 and 44?
44
What is the highest common factor of 100 and 140?
20
Calculate the highest common divisor of 221 and 51.
17
Calculate the highest common factor of 1350 and 108.
54
Calculate the highest common factor of 1477 and 1266.
211
Calculate the highest common divisor of 6 and 27.
3
What is the highest common factor of 3686 and 76?
38
What is the highest common divisor of 476 and 68?
68
Calculate the greatest common divisor of 97 and 16393.
97
Calculate the highest common factor of 264 and 600.
24
What is the greatest common divisor of 56 and 700?
28
Calculate the highest common divisor of 9042 and 66.
66
What is the greatest common factor of 12 and 15468?
12
What is the greatest common divisor of 451 and 11?
11
Calculate the highest common factor of 2223 and 468.
117
What is the greatest common factor of 162 and 6858?
54
Calculate the greatest common divisor of 35 and 315.
35
Calculate the greatest common factor of 45 and 2520.
45
What is the highest common divisor of 110 and 5665?
55
Calculate the greatest common factor of 7 and 9597.
7
What is the greatest common factor of 23 and 4?
1
What is the highest common factor of 198 and 517?
11
What is the greatest common factor of 179 and 6802?
179
What is the greatest common divisor of 2736 and 468?
36
Calculate the highest common divisor of 195 and 13.
13
What is the highest common factor of 371 and 106?
53
Calculate the greatest common factor of 15 and 15585.
15
What is the highest common factor of 18324 and 36?
36
Calculate the highest common divisor of 78 and 52.
26
Calculate the greatest common factor of 66 and 12518.
22
What is the greates